{"id":4668,"date":"2018-07-18T05:59:14","date_gmt":"2018-07-18T02:59:14","guid":{"rendered":"https:\/\/www.salsastudio.fi\/kuopio\/?page_id=4668"},"modified":"2025-08-21T13:41:05","modified_gmt":"2025-08-21T10:41:05","slug":"yhteys","status":"publish","type":"page","link":"https:\/\/www.salsastudio.fi\/kuopio\/yhteys\/","title":{"rendered":"Yhteys"},"content":{"rendered":"<p>[et_pb_section fb_built=&#8221;1&#8243; disabled_on=&#8221;on|on|off&#8221; _builder_version=&#8221;4.25.0&#8243; custom_margin=&#8221;-80px|||&#8221; custom_padding=&#8221;0px|||&#8221; global_colors_info=&#8221;{}&#8221;][et_pb_row column_structure=&#8221;1_2,1_2&#8243; use_custom_gutter=&#8221;on&#8221; gutter_width=&#8221;1&#8243; padding_top_bottom_link_2=&#8221;true&#8221; padding_left_right_link_2=&#8221;true&#8221; module_class=&#8221; et_pb_row_fullwidth&#8221; _builder_version=&#8221;4.25.0&#8243; use_background_color_gradient=&#8221;on&#8221; background_color_gradient_stops=&#8221;rgba(0,0,0,0.22) 0%|#ffffff 100%&#8221; background_color_gradient_overlays_image=&#8221;on&#8221; background_color_gradient_start=&#8221;rgba(0,0,0,0.22)&#8221; background_color_gradient_end=&#8221;#ffffff&#8221; background_image=&#8221;https:\/\/www.salsastudio.fi\/kuopio\/wp-content\/uploads\/2025\/08\/IMG_3560-scaled.jpg&#8221; width=&#8221;100%&#8221; width_tablet=&#8221;100%&#8221; width_phone=&#8221;100%&#8221; width_last_edited=&#8221;on|desktop&#8221; max_width=&#8221;100%&#8221; max_width_tablet=&#8221;100%&#8221; max_width_phone=&#8221;100%&#8221; max_width_last_edited=&#8221;on|desktop&#8221; custom_padding=&#8221;275px|100px|275px|100px|true|true&#8221; hover_enabled=&#8221;0&#8243; make_fullwidth=&#8221;on&#8221; global_colors_info=&#8221;{}&#8221; sticky_enabled=&#8221;0&#8243;][et_pb_column type=&#8221;1_2&#8243; _builder_version=&#8221;4.16&#8243; custom_padding=&#8221;|||&#8221; global_colors_info=&#8221;{}&#8221; custom_padding__hover=&#8221;|||&#8221;][et_pb_image src=&#8221;https:\/\/www.salsastudio.fi\/kuopio\/wp-content\/uploads\/2018\/06\/salsastudio_logo_vaalea.png&#8221; align_tablet=&#8221;center&#8221; align_phone=&#8221;center&#8221; align_last_edited=&#8221;on|desktop&#8221; _builder_version=&#8221;4.25.0&#8243; max_width=&#8221;75%&#8221; module_alignment=&#8221;center&#8221; hover_enabled=&#8221;0&#8243; global_colors_info=&#8221;{}&#8221; admin_label=&#8221;Kuva&#8221; sticky_enabled=&#8221;0&#8243;]&nbsp;<br \/>\n[\/et_pb_image][et_pb_text _builder_version=&#8221;4.25.0&#8243; text_font=&#8221;Oswald||||||||&#8221; text_text_color=&#8221;#ff9d26&#8243; text_font_size=&#8221;26px&#8221; text_letter_spacing=&#8221;20px&#8221; text_orientation=&#8221;center&#8221; custom_padding=&#8221;25px|||&#8221; hover_enabled=&#8221;0&#8243; global_colors_info=&#8221;{}&#8221; sticky_enabled=&#8221;0&#8243;]<\/p>\n<p>KUOPIO<\/p>\n<p>[\/et_pb_text][\/et_pb_column][et_pb_column type=&#8221;1_2&#8243; _builder_version=&#8221;4.16&#8243; custom_padding=&#8221;50px|50px|50px|50px&#8221; global_colors_info=&#8221;{}&#8221; custom_padding__hover=&#8221;|||&#8221;][et_pb_text _builder_version=&#8221;4.25.0&#8243; text_font=&#8221;Roboto|300|||||||&#8221; text_text_color=&#8221;#ffffff&#8221; text_font_size=&#8221;22px&#8221; text_line_height=&#8221;1.5em&#8221; link_text_color=&#8221;#ff9d26&#8243; header_6_font=&#8221;Roboto|300|||||||&#8221; header_6_text_color=&#8221;#ffffff&#8221; header_6_font_size=&#8221;18px&#8221; header_6_line_height=&#8221;1.5em&#8221; background_color=&#8221;rgba(0,0,0,0.4)&#8221; custom_margin=&#8221;-200px|||&#8221; custom_padding=&#8221;50px|50px|50px|50px|true|true&#8221; hover_enabled=&#8221;0&#8243; global_colors_info=&#8221;{}&#8221; admin_label=&#8221;Teksti&#8221; sticky_enabled=&#8221;0&#8243;]<\/p>\n<p><strong>Tanssikoulu SalsaStudio Kuopio<\/strong><\/p>\n<p><strong>Vuorikatu 3\u00a0<\/strong><br \/>70100 Kuopio<br \/>S\u00e4hk\u00f6posti:\u00a0<a href=\"mailto:kuopio@salsastudio.fi\">kuopio@salsastudio.fi\u00a0<\/a><br \/>Puhelin:\u00a0 044 2400952<br \/>Kiireelliset asiat: 040 5395778<\/p>\n<h6>\u00a0<\/h6>\n<h6>\u00a0<\/h6>\n<h6>Tavoitat meid\u00e4t parhaiten vastaanottomme aukioloaikana iltaisin tanssituntien ajankohtana, muulloin vastaamme puheluihin mahdollisuuksien mukaan. Kiireellisiss\u00e4 asioissa Sirpa M\u00f6ksy 040 5395778<\/h6>\n<h6>Toivomme aina ensisijaisesti yhteydenottoa s\u00e4hk\u00f6postitse, koska puheluihin vastaaminen on erityisesti tanssituntien alkamisajankohtana haasteellista vastaanotossa olevan ruuhkan vuoksi. Voit j\u00e4tt\u00e4\u00e4 meille my\u00f6s soittopyynn\u00f6n tekstiviestitse, jolloin soitamme sinulle takaisin saman p\u00e4iv\u00e4n aikana!<\/h6>\n<h6>Voit l\u00e4hett\u00e4\u00e4 meille palautetta koulumme tunneista, opettajista, kotisivuista jne. s\u00e4hk\u00f6postilla osoitteeseen <a href=\"mailto:kuopio@salsastudio.fi\">kuopio@salsastudio.fi<\/a><\/h6>\n<h6>V\u00e4lit\u00e4mme ohjaajille osoitetut kysymykset ja palautteen eteenp\u00e4in.<\/h6>\n<p>[\/et_pb_text][\/et_pb_column][\/et_pb_row][\/et_pb_section][et_pb_section fb_built=&#8221;1&#8243; disabled_on=&#8221;off|off|on&#8221; _builder_version=&#8221;4.25.0&#8243; use_background_color_gradient=&#8221;on&#8221; background_color_gradient_stops=&#8221;rgba(255,255,255,0.9) 0%|rgba(255,255,255,0.9) 100%&#8221; background_color_gradient_overlays_image=&#8221;on&#8221; background_color_gradient_start=&#8221;rgba(255,255,255,0.9)&#8221; background_color_gradient_end=&#8221;rgba(255,255,255,0.9)&#8221; background_image=&#8221;https:\/\/www.salsastudio.fi\/kuopio\/wp-content\/uploads\/2018\/07\/salsastudio-jkl.jpg&#8221; global_colors_info=&#8221;{}&#8221;][et_pb_row _builder_version=&#8221;4.16&#8243; global_colors_info=&#8221;{}&#8221;][et_pb_column type=&#8221;4_4&#8243; _builder_version=&#8221;4.16&#8243; custom_padding=&#8221;|||&#8221; global_colors_info=&#8221;{}&#8221; custom_padding__hover=&#8221;|||&#8221;][et_pb_text _builder_version=&#8221;4.25.0&#8243; text_font=&#8221;Roboto|300|||||||&#8221; text_text_color=&#8221;#000000&#8243; text_font_size=&#8221;22px&#8221; text_line_height=&#8221;1.5em&#8221; link_text_color=&#8221;#ff9d26&#8243; header_6_font=&#8221;Roboto|300|||||||&#8221; header_6_text_color=&#8221;#000000&#8243; header_6_font_size=&#8221;18px&#8221; header_6_line_height=&#8221;1.5em&#8221; custom_margin=&#8221;|||&#8221; custom_padding=&#8221;0px||0px||true&#8221; hover_enabled=&#8221;0&#8243; global_colors_info=&#8221;{}&#8221; sticky_enabled=&#8221;0&#8243;]<\/p>\n<p><strong>Tanssikoulu SalsaStudio Kuopio<\/strong><\/p>\n<p>Vuorikatu 3<br \/>70100 Kuopio<\/p>\n<p><span style=\"font-size: 22px;\">S\u00e4hk\u00f6posti:<\/span><span style=\"font-size: 22px;\">\u00a0<\/span><a style=\"font-size: 22px;\" href=\"mailto:kuopio@salsastudio.fi\">kuopio@salsastudio.fi<\/a><span style=\"font-size: 22px;\"><br \/><\/span><span style=\"font-size: 22px;\">Puhelin:\u00a0 044 2400952<br \/><\/span><span style=\"font-size: 22px;\">Kiireelliset asiat:\u00a0<\/span><span style=\"font-size: 22px;\">0405395778<\/span><\/p>\n<h6>\u00a0<\/h6>\n<h6>Tavoitat meid\u00e4t parhaiten vastaanottomme aukioloaikana iltaisin tanssituntien ajankohtana, muulloin vastaamme puheluihin mahdollisuuksien mukaan. Kiireellisiss\u00e4 asioissa Sirpa M\u00f6ksy 0405395778<\/h6>\n<h6>Toivomme aina ensisijaisesti yhteydenottoa s\u00e4hk\u00f6postitse, koska puheluihin vastaaminen on erityisesti tanssituntien alkamisajankohtana haasteellista vastaanotossa olevan ruuhkan vuoksi. Voit j\u00e4tt\u00e4\u00e4 meille my\u00f6s soittopyynn\u00f6n tekstiviestitse, jolloin soitamme sinulle takaisin saman p\u00e4iv\u00e4n aikana!<\/h6>\n<h6>Voit l\u00e4hett\u00e4\u00e4 meille palautetta koulumme tunneista, opettajista, kotisivuista jne. s\u00e4hk\u00f6postilla osoitteeseen\u00a0<a href=\"mailto:%20jyvaskyla@salsastudio.fi\">kuopio@salsastudio.fi<\/a><\/h6>\n<h6>V\u00e4lit\u00e4mme ohjaajille osoitetut kysymykset ja palautteen eteenp\u00e4in.<\/h6>\n<p>[\/et_pb_text][\/et_pb_column][\/et_pb_row][\/et_pb_section][et_pb_section fb_built=&#8221;1&#8243; _builder_version=&#8221;4.25.0&#8243; custom_padding=&#8221;0|0px|0px|0px|false|false&#8221; hover_enabled=&#8221;0&#8243; global_colors_info=&#8221;{}&#8221; sticky_enabled=&#8221;0&#8243;][et_pb_row use_custom_gutter=&#8221;on&#8221; gutter_width=&#8221;1&#8243; module_class=&#8221; et_pb_row_fullwidth&#8221; _builder_version=&#8221;4.25.0&#8243; width=&#8221;100%&#8221; width_tablet=&#8221;100%&#8221; width_phone=&#8221;100%&#8221; width_last_edited=&#8221;on|desktop&#8221; max_width=&#8221;100%&#8221; max_width_tablet=&#8221;100%&#8221; max_width_phone=&#8221;100%&#8221; max_width_last_edited=&#8221;on|desktop&#8221; custom_padding=&#8221;0|0px|0|0px|false|false&#8221; hover_enabled=&#8221;0&#8243; make_fullwidth=&#8221;on&#8221; global_colors_info=&#8221;{}&#8221; sticky_enabled=&#8221;0&#8243;][et_pb_column type=&#8221;4_4&#8243; _builder_version=&#8221;4.16&#8243; custom_padding=&#8221;|||&#8221; global_colors_info=&#8221;{}&#8221; custom_padding__hover=&#8221;|||&#8221;][et_pb_map address=&#8221;Vuorikatu 3, 70100 Kuopio, Suomi&#8221; address_lat=&#8221;62.8880223&#8243; address_lng=&#8221;27.683776699999953&#8243; _builder_version=&#8221;4.25.0&#8243; hover_enabled=&#8221;0&#8243; global_colors_info=&#8221;{}&#8221; sticky_enabled=&#8221;0&#8243;][et_pb_map_pin title=&#8221;SalsaStudio Kuopio&#8221; pin_address=&#8221;Maaherrankatu 21, 70100 Kuopio, Finland&#8221; pin_address_lat=&#8221;62.8931354&#8243; pin_address_lng=&#8221;27.6876261&#8243; _builder_version=&#8221;3.10.2&#8243; global_colors_info=&#8221;{}&#8221;][\/et_pb_map_pin][\/et_pb_map][\/et_pb_column][\/et_pb_row][\/et_pb_section]<\/p>\n","protected":false},"excerpt":{"rendered":"<p>&nbsp; KUOPIOTanssikoulu SalsaStudio Kuopio Vuorikatu 3\u00a070100 KuopioS\u00e4hk\u00f6posti:\u00a0kuopio@salsastudio.fi\u00a0Puhelin:\u00a0 044 2400952Kiireelliset asiat: 040 5395778 \u00a0 \u00a0 Tavoitat meid\u00e4t parhaiten vastaanottomme aukioloaikana iltaisin tanssituntien ajankohtana, muulloin vastaamme puheluihin mahdollisuuksien mukaan. Kiireellisiss\u00e4 asioissa Sirpa M\u00f6ksy 040 5395778 Toivomme aina ensisijaisesti yhteydenottoa s\u00e4hk\u00f6postitse, koska puheluihin vastaaminen on erityisesti tanssituntien alkamisajankohtana haasteellista vastaanotossa olevan ruuhkan vuoksi. Voit j\u00e4tt\u00e4\u00e4 meille my\u00f6s soittopyynn\u00f6n [&hellip;]<\/p>\n","protected":false},"author":1,"featured_media":0,"parent":0,"menu_order":0,"comment_status":"closed","ping_status":"closed","template":"","meta":{"_et_pb_use_builder":"on","_et_pb_old_content":"","_et_gb_content_width":"","footnotes":""},"_links":{"self":[{"href":"https:\/\/www.salsastudio.fi\/kuopio\/wp-json\/wp\/v2\/pages\/4668"}],"collection":[{"href":"https:\/\/www.salsastudio.fi\/kuopio\/wp-json\/wp\/v2\/pages"}],"about":[{"href":"https:\/\/www.salsastudio.fi\/kuopio\/wp-json\/wp\/v2\/types\/page"}],"author":[{"embeddable":true,"href":"https:\/\/www.salsastudio.fi\/kuopio\/wp-json\/wp\/v2\/users\/1"}],"replies":[{"embeddable":true,"href":"https:\/\/www.salsastudio.fi\/kuopio\/wp-json\/wp\/v2\/comments?post=4668"}],"version-history":[{"count":21,"href":"https:\/\/www.salsastudio.fi\/kuopio\/wp-json\/wp\/v2\/pages\/4668\/revisions"}],"predecessor-version":[{"id":7120,"href":"https:\/\/www.salsastudio.fi\/kuopio\/wp-json\/wp\/v2\/pages\/4668\/revisions\/7120"}],"wp:attachment":[{"href":"https:\/\/www.salsastudio.fi\/kuopio\/wp-json\/wp\/v2\/media?parent=4668"}],"curies":[{"name":"wp","href":"https:\/\/api.w.org\/{rel}","templated":true}]}}