{"id":5240,"date":"2018-08-01T09:06:10","date_gmt":"2018-08-01T06:06:10","guid":{"rendered":"https:\/\/www.salsastudio.fi\/kuopio\/?page_id=5240"},"modified":"2019-01-05T21:40:23","modified_gmt":"2019-01-05T18:40:23","slug":"saannot","status":"publish","type":"page","link":"https:\/\/www.salsastudio.fi\/kuopio\/saannot\/","title":{"rendered":"S\u00e4\u00e4nn\u00f6t"},"content":{"rendered":"<p>[et_pb_section bb_built=&#8221;1&#8243; admin_label=&#8221;Our Guides&#8221; _builder_version=&#8221;3.10.2&#8243; use_background_color_gradient=&#8221;on&#8221; background_color_gradient_start=&#8221;#ff9d26&#8243; background_color_gradient_end=&#8221;#ff9d26&#8243; background_color_gradient_start_position=&#8221;37%&#8221; background_color_gradient_overlays_image=&#8221;on&#8221; custom_padding=&#8221;150px|9px|75px||false|false&#8221; top_divider_color=&#8221;#ffffff&#8221; top_divider_height=&#8221;75px&#8221; bottom_divider_style=&#8221;wave&#8221; bottom_divider_color=&#8221;#ffffff&#8221; bottom_divider_height=&#8221;83px&#8221; next_background_color=&#8221;#ffffff&#8221;][et_pb_row _builder_version=&#8221;3.0.69&#8243;][et_pb_column type=&#8221;4_4&#8243;][et_pb_text admin_label=&#8221;CTA Section Title&#8221; disabled_on=&#8221;on|off|off&#8221; _builder_version=&#8221;3.10.2&#8243; text_font=&#8221;||||||||&#8221; text_line_height=&#8221;1em&#8221; header_font=&#8221;Oswald|700||on|||||&#8221; header_text_align=&#8221;center&#8221; header_text_color=&#8221;#ffffff&#8221; header_font_size=&#8221;60px&#8221; header_font_size_phone=&#8221;45px&#8221; header_font_size_last_edited=&#8221;on|phone&#8221; header_line_height=&#8221;1.3em&#8221; module_alignment=&#8221;center&#8221; custom_margin=&#8221;||60px|&#8221; custom_padding=&#8221;|||&#8221; animation_direction=&#8221;top&#8221; locked=&#8221;off&#8221;]<\/p>\n<h1>S\u00e4\u00e4nn\u00f6t<\/h1>\n<p>[\/et_pb_text][\/et_pb_column][\/et_pb_row][\/et_pb_section][et_pb_section bb_built=&#8221;1&#8243; _builder_version=&#8221;3.8.1&#8243; custom_padding=&#8221;39px|0px|36px|0px|false|false&#8221; prev_background_color=&#8221;#000000&#8243; next_background_color=&#8221;#ff9d26&#8243;][et_pb_row _builder_version=&#8221;3.10.2&#8243;][et_pb_column type=&#8221;4_4&#8243;][et_pb_text _builder_version=&#8221;3.10.2&#8243; header_font=&#8221;Oswald|||on|||||&#8221; header_text_color=&#8221;#ff9d26&#8243; header_letter_spacing=&#8221;2px&#8221; header_2_font=&#8221;|700|||||||&#8221; header_2_font_size=&#8221;14px&#8221; header_2_line_height=&#8221;1.5em&#8221;]<\/p>\n<h1 class=\"title\">Tanssikoulu SalsaStudio KUOPION S\u00e4\u00e4nn\u00f6t<\/h1>\n<p>HUOM. S\u00c4\u00c4NN\u00d6T JA ILMOITTAUTUMISET OVAT KAUPUNKIKOHTAISIA! KAUSIKORTTEJA, SARJAKORTTEJA TAI KORVAUKSIA EI VOI K\u00c4YTT\u00c4\u00c4 TOISESSA KAUPUNGISSA ILMAN ERILLISSOPIMUSTA (POIKKEUSMENETTELYT SOVITAAN TAPAUSKOHTAISESTI)!<\/p>\n<p><strong>1 Ilmoittautuminen tunneille<\/strong><\/p>\n<p>1.1 SalsaStudion toimintavuosi jakautuu kolmeen kauteen: syys- ja kev\u00e4tkauteen sek\u00e4 kes\u00e4kauteen, jolloin toteutetaan kaksi lyhyemp\u00e4\u00e4 tiiviskurssilukuj\u00e4rjestyst\u00e4.<\/p>\n<p>1.2 Kursseille ilmoittautuminen on suositeltavaa tehd\u00e4 ennen kurssin alkua ja paikat kursseille jaetaan ilmoittautumisten saapumisj\u00e4rjestyksess\u00e4. Tunneille voi halutessaan ilmoittautua my\u00f6s kesken kurssin, mik\u00e4li kurssilla on vapaita paikkoja. Kertak\u00e4ynneille ei voi varata paikkaa, joten kertak\u00e4ynneille ei my\u00f6sk\u00e4\u00e4n ilmoittauduta.<\/p>\n<p>1.3 Ilmoittautuminen suoritetaan ilmoittautumisj\u00e4rjestelm\u00e4ss\u00e4. Mik\u00e4li asiakkaalla ei ole voimassa olevaa s\u00e4hk\u00f6postiosoitetta, voi ilmoittautumisen tehd\u00e4 paperilomakkeella vastaanotossa. Ilmoittautuminen katsotaan vastaanotetuksi ja osallistujaa sitovaksi, kun asiakkaan ilmoittautuminen on rekister\u00f6itynyt ilmoittautumisj\u00e4rjestelm\u00e4\u00e4n. Mik\u00e4li asiakas ei jostain syyst\u00e4 mahdu kurssille, ilmoitamme siit\u00e4 erikseen.<\/p>\n<p>1.4 Kurssimaksu tulee olla maksettu viikon kuluessa kurssin alkamisesta. Voimassa olevat maksuv\u00e4lineemme voi tarkistaa Hinnasto -v\u00e4lilehdelt\u00e4. Mik\u00e4li kurssimaksua ei ole maksettu sovittuun ajankohtaan menness\u00e4, kurssipaikka voidaan luovuttaa odotuslistalla olevalle henkil\u00f6lle. Kurssille tulematta j\u00e4tt\u00e4minen ei kuitenkaan tarkoita kurssin peruutusta eli maksu veloitetaan, jos varasijalla ei ole odottajia. Mik\u00e4li henkil\u00f6 aloittaa kurssilla kesken kauden, tulee kurssimaksu maksaa viikon kuluessa harrastuksen aloittamisesta.<\/p>\n<p>1.5 Maksut suoritetaan joko SalsaStudion vastaanotossa tai tilille FI 51 1544 3000 0863 92 (viestikentt\u00e4\u00e4n merkit\u00e4\u00e4n kurssit ja osallistujan nimi) kohdassa 1.4 esitetyn mukaisesti. SalsaStudio laskuttaa maksamattomat kurssimaksut kauden aikana. Laskuihin lis\u00e4t\u00e4\u00e4n laskutuslis\u00e4 10\u20ac\/lasku.<\/p>\n<p>1.6 Alaik\u00e4isen tulee tuoda ensimm\u00e4iselle tunnille vanhempien vapaamuotoinen kirjallinen lupa osallistua SalsaStudion tunneille.<\/p>\n<p>1.7 Asiakkaalta, joka osallistuu tunneille, joita ei ole maksettu, yritys voi peri\u00e4 50 euron suuruisen tarkastusmaksun. Tarkastusmaksu perit\u00e4\u00e4n siis my\u00f6s tilanteessa, jossa kurssille sitovasti ilmoittautunut henkil\u00f6 aloittaa kurssilla, mutta j\u00e4tt\u00e4\u00e4 kurssin kesken ennen maksun suorittamista muista kuin terveyteen liittyvist\u00e4 syist\u00e4 johtuen (ks. kohta 3.2 ja 4.1).<strong>\u00a0<\/strong><\/p>\n<p><strong>2 Alennukset<\/strong><\/p>\n<p>2.1 Opiskelijat, el\u00e4kel\u00e4iset, ty\u00f6tt\u00f6m\u00e4t ja hoitovapaalla olevat saavat alennusta kurssimaksuista n\u00e4ytt\u00e4m\u00e4ll\u00e4 alennukseen oikeuttavan kortin tai oppilaitoksen my\u00f6nt\u00e4m\u00e4n virallisen todistuksen.<\/p>\n<p><strong>3 Poissaolojen korvaaminen<\/strong><\/p>\n<p><strong>3.1 <\/strong>Kurssille osallistujilla on oikeus korvata poissaolonsa yhden (1) kuukauden sis\u00e4ll\u00e4 poissaolostaan. Poissaolon voi my\u00f6s korvata etuk\u00e4teen. Korvausta varten asiakkaan tulee t\u00e4ytt\u00e4\u00e4 korvaustuntilipuke vastaanotossa korvaustunnille tullessaan. Korvaustunneille ei voi varata paikkaa eik\u00e4 niille ilmoittauduta erikseen. Korvaustunnit eiv\u00e4t siirry toimintakaudelta toiselle, vaan tunnit on aina korvattava viimeist\u00e4\u00e4n kauden p\u00e4\u00e4ttyess\u00e4 tai neuvoteltava perusteltavin syin esitett\u00e4v\u00e4st\u00e4 poikkeusmenettelyst\u00e4 (esimerkiksi sairastapaus, raskaaksi tuleminen tms.) ennen kauden p\u00e4\u00e4ttymist\u00e4, jolloin korvaustunteja voidaan poikkeustapauksessa siirt\u00e4\u00e4 seuraavalle kaudelle tai toisen henkil\u00f6n nimiin.<\/p>\n<p><strong>3.2<\/strong>\u00a0Sairastapauksessa, jossa osallistuminen kurssille estyy kokonaisuudessaan, kurssi-ilmoittautumisen voi l\u00e4\u00e4k\u00e4rintodistusta vastaan siirt\u00e4\u00e4 toiselle samanhintaiselle kurssille. Muissa sairastapauksissa pyrimme mahdollisuuksien mukaan siirt\u00e4m\u00e4\u00e4n korvauskerrat seuraavalle kaudelle.\u00a0\u00a0Kurssimaksu palautetaan vain, mik\u00e4li sairauden luonne est\u00e4\u00e4 tanssin harrastamisen kokonaisuudessaan.<\/p>\n<p><strong>3.3\u00a0<\/strong>Soolokurssien poissaoloja ei voi korvata paritanssikursseilla eik\u00e4 p\u00e4invastoin. Tiiviskursseilla ei voi korvata koko kauden kest\u00e4vilt\u00e4 kursseilta poissaoloja eik\u00e4 kurssipoissaoloja voi korvata tiiviskursseilla.<\/p>\n<p><strong>4\u00a0Ilmoittautumisen peruuttaminen<\/strong><\/p>\n<p><strong>4.1<\/strong>\u00a0Kursseille ilmoittautuminen on aina sitova, kun ilmoittautuminen on vastaanotettu. Maksu siis perit\u00e4\u00e4n eik\u00e4 maksettua kurssimaksua palauteta. Mik\u00e4li asiakas kokee kurssivalinnan olleen aivan v\u00e4\u00e4r\u00e4, voidaan ilmoittautuminen siirt\u00e4\u00e4 toiselle vastaavan pituiselle kurssille, jolla on tilaa. Jos asiakas joutuu keskeytt\u00e4m\u00e4\u00e4n kurssin, voi kurssipaikan luovuttaa toiselle henkil\u00f6lle. Kurssimaksu palautetaan ainoastaan silloin, jos asiakas ei ole mahtunut maksamalleen kurssille tai kurssi peruutetaan SalsaStudion toimesta.<\/p>\n<p><strong>4.2<\/strong>\u00a0SalsaStudio ei vastaa kurssille osallistujan aktiivisuudesta; k\u00e4ytt\u00e4m\u00e4tt\u00f6mist\u00e4 kurssikerroista ei palauteta kurssimaksua ilman kohdassa 4.1 esitettyj\u00e4 poikkeustapauksia. Poissaolot voi korvata kuukauden sis\u00e4ll\u00e4 poissaolosta kohdassa 3 esitetyn mukaisesti.<strong>\u00a0<\/strong><\/p>\n<p><strong>5 Kurssikerran tai koko kurssin peruuntuminen &amp; kurssin t\u00e4yttyminen<\/strong><\/p>\n<p><strong>5.1\u00a0<\/strong>Jos kurssi ehtii t\u00e4ytty\u00e4 ja kurssimaksu on jo maksettu, ilmoittautumisen voi siirt\u00e4\u00e4 toiselle vastaavalle kurssille. Jos uusi aikataulu ei k\u00e4y asiakkaalle, kurssimaksu palautetaan.<\/p>\n<p><strong>5.2<\/strong>\u00a0Jo alkaneen kurssin yksitt\u00e4inen tunti saattaa peruuntua ainoastaan silloin, jos ohjaaja \u00e4killisesti sairastuu ja sijaista ei pystyt\u00e4 j\u00e4rjest\u00e4m\u00e4\u00e4n. Kurssikerran peruuntumisesta ilmoitetaan kurssille ilmoittautuneille oppilaille viipym\u00e4tt\u00e4 tekstiviestill\u00e4 ja\/tai SalsaStudion kotisivulla tai h\u00e4t\u00e4tapauksessa toimittamalla studiolle tiedote tunnin peruuntumisesta. Oppilaat saavat peruuntuneesta tunnista korvauslipukkeen, jonka voivat k\u00e4ytt\u00e4\u00e4 1 kk:n sis\u00e4ll\u00e4.<\/p>\n<p><strong>5.3<\/strong>\u00a0Jos kurssi tai tiiviskurssi, jolle asiakas on ilmoittautunut, joudutaan asiakkaasta riippumattomista syist\u00e4 peruuttamaan, kurssin hinta palautetaan asiakkaalle kokonaisuudessaan.<\/p>\n<p><strong>6 Muita yleisi\u00e4 asioita<\/strong><\/p>\n<ul>\n<li>Tuntien yleinen pituus on 55 minuuttia (varaamme 5 minuuttia tuulettamiseen ja ryhmien vaihtumiseen).<\/li>\n<li>L\u00e4sn\u00e4olo kuitataan tunnille saavuttaessa ilmoittautumalla vastaanotossa.<\/li>\n<li>Tapaturmasuojan asiakas saa ottamalla henkil\u00f6kohtaisen vapaa-ajan vakuutuksen. Tanssikoulu ei vakuuta osallistujia tapaturmien varalta.<\/li>\n<li>SalsaStudio tiedottaa muutoksista ja uutuuksista ensisijaisesti s\u00e4hk\u00f6postitse ja kotisivuillaan. Mik\u00e4li asiakas haluaa varmistaa tiedotteiden saamisen, asiakas voi lis\u00e4t\u00e4 osoitteensa s\u00e4hk\u00f6postilistallemme nettisivun kautta.<\/li>\n<li>SalsaStudio ei vastaa pukuhuoneisiin j\u00e4tetyist\u00e4 tavaroista. L\u00f6yt\u00f6tavarat ker\u00e4t\u00e4\u00e4n p\u00e4ivitt\u00e4in talteen. Unohtamaansa omaisuutta voi tiedustella vastaanotosta. L\u00f6yt\u00f6tavarat lahjoitetaan pois vuosittain 31.12. ja 30.6., mik\u00e4li kukaan ei ole tullut niit\u00e4 tiedustelemaan.<\/li>\n<li>SalsaStudio pid\u00e4tt\u00e4\u00e4 oikeuden tilap\u00e4isiin ja pysyviin tunti- ja opettajamuutoksiin.<\/li>\n<li>Opetuksen valo- ja videokuvaaminen ilman opettajan lupaa on kielletty.<\/li>\n<li>Tunneille ei p\u00e4\u00e4stet\u00e4 katseluoppilaita.<\/li>\n<li>K\u00e4nnyk\u00e4t tai musiikkisoittimet eiv\u00e4t kuulu tunneille. Pyyd\u00e4mme my\u00f6s, ett\u00e4 jutustelu j\u00e4tet\u00e4\u00e4n tuntien ulkopuolelle ja keskityt\u00e4\u00e4n itse tanssiin.<\/li>\n<li>Jos tunti on t\u00e4yttym\u00e4ss\u00e4 ja odotuslistalla on muita oppilaita, on SalsaStudion asiakassihteereill\u00e4 lupa p\u00e4\u00e4st\u00e4\u00e4 toinen oppilas varatulle tuntipaikalle, jos oppilas ei ole tullut paikalle tunnin alkamisajankohtaan menness\u00e4. Halutessaan asiakas voi soittaa ja tiedottaa asiakassihteeri\u00e4 my\u00f6h\u00e4stymisest\u00e4.<\/li>\n<li>N\u00e4m\u00e4 s\u00e4\u00e4nn\u00f6t ovat luettavissa sek\u00e4 tanssikoulun ilmoitustaululla, ett\u00e4 SalsaStudion verkkosivuilla. SalsaStudion oppilaat sitoutuvat ilmoittautumislomakkeen t\u00e4ytt\u00e4misen yhteydess\u00e4 noudattamaan n\u00e4it\u00e4 s\u00e4\u00e4nt\u00f6j\u00e4. Mik\u00e4li oppilas rikkoo s\u00e4\u00e4nt\u00f6j\u00e4 toistuvasti henkil\u00f6kuntamme huomautuksista huolimatta, voidaan tunneille osallistumista rajoittaa tai kielt\u00e4\u00e4 kokonaan.<\/li>\n<\/ul>\n<p><strong>7 Palaute<\/strong><\/p>\n<p>Ilmoittautumislomakkeen t\u00e4ytt\u00e4m\u00e4ll\u00e4 asiakas sitoutuu noudattamaan s\u00e4\u00e4nt\u00f6j\u00e4mme. S\u00e4\u00e4nt\u00f6jen tarkoituksena on v\u00e4ltt\u00e4\u00e4 v\u00e4\u00e4rink\u00e4sityksi\u00e4 ja tehd\u00e4 sek\u00e4 tanssin harrastajien ett\u00e4 henkil\u00f6kuntamme toiminnasta tasapuolista, johdonmukaista sek\u00e4 mahdollisimman sujuvaa. Henkil\u00f6kuntamme pyrkii aina l\u00f6yt\u00e4m\u00e4\u00e4n parhaan mahdollisen ratkaisun s\u00e4\u00e4nt\u00f6jen puitteissa. Pyrimme laadukkaaseen toimintaan ja hyv\u00e4\u00e4n asiakaspalveluun, mutta v\u00e4lill\u00e4 esim. sairastapaukset saattavat aiheuttaa meist\u00e4 riippumattomia opettajavaihdoksia. Asiakaspalautteet voi toimittaa joko suoraan vastaanottoon tai s\u00e4hk\u00f6postitse. Palaute on meille ensisijaisen t\u00e4rke\u00e4\u00e4 ja auttaa meit\u00e4 kehitt\u00e4m\u00e4\u00e4n toimintaamme entisest\u00e4\u00e4n.<\/p>\n<p>&nbsp;<\/p>\n<p>[\/et_pb_text][\/et_pb_column][\/et_pb_row][\/et_pb_section][et_pb_section bb_built=&#8221;1&#8243; admin_label=&#8221;CTA&#8221; custom_padding_last_edited=&#8221;on|desktop&#8221; prev_background_color=&#8221;#ffffff&#8221; _builder_version=&#8221;3.10.2&#8243; background_color=&#8221;#ff9d26&#8243; use_background_color_gradient=&#8221;on&#8221; background_color_gradient_start=&#8221;rgba(255,157,38,0.67)&#8221; background_color_gradient_end=&#8221;#ff9d26&#8243; background_color_gradient_overlays_image=&#8221;on&#8221; background_image=&#8221;https:\/\/www.salsastudio.fi\/kuopio\/wp-content\/uploads\/2018\/07\/Salsastudio_kuvitus_full-339-kopio.jpg&#8221; background_position=&#8221;top_center&#8221; custom_margin=&#8221;|||&#8221; custom_padding=&#8221;||0||false|false&#8221; custom_padding_phone=&#8221;200px|||&#8221; top_divider_style=&#8221;wave&#8221; top_divider_height_tablet=&#8221;0px&#8221; top_divider_height_phone=&#8221;0px&#8221; top_divider_height_last_edited=&#8221;on|phone&#8221;][et_pb_row make_fullwidth=&#8221;on&#8221; use_custom_gutter=&#8221;on&#8221; gutter_width=&#8221;1&#8243; custom_padding=&#8221;250px|0px|180px|0px|false|false&#8221; custom_padding_tablet=&#8221;0px|||&#8221; custom_padding_last_edited=&#8221;on|tablet&#8221; _builder_version=&#8221;3.9&#8243;][et_pb_column type=&#8221;4_4&#8243;][et_pb_text admin_label=&#8221;CTA Section Title&#8221; _builder_version=&#8221;3.4.1&#8243; text_font=&#8221;||||||||&#8221; text_line_height=&#8221;1em&#8221; header_font=&#8221;Oswald|700||on|||||&#8221; header_text_align=&#8221;center&#8221; header_text_color=&#8221;#ffffff&#8221; header_font_size=&#8221;60px&#8221; header_line_height=&#8221;1.3em&#8221; module_alignment=&#8221;center&#8221; custom_margin=&#8221;||60px|&#8221; custom_padding=&#8221;|||&#8221; animation_style=&#8221;slide&#8221; animation_direction=&#8221;top&#8221; animation_intensity_slide=&#8221;10%&#8221; locked=&#8221;off&#8221;]<\/p>\n<h1>Valmiina tanssiin?<\/h1>\n<p>[\/et_pb_text][et_pb_button button_url=&#8221;\/kuopio\/ilmoittautuminen&#8221; button_text=&#8221;Ilmoittaudu kurssille&#8221; button_alignment=&#8221;center&#8221; _builder_version=&#8221;3.10.2&#8243; custom_button=&#8221;on&#8221; button_text_color=&#8221;#ffffff&#8221; button_bg_color=&#8221;rgba(255,157,38,0)&#8221; button_border_color=&#8221;#ffffff&#8221; button_border_radius=&#8221;0px&#8221; button_letter_spacing=&#8221;4px&#8221; button_font=&#8221;Oswald|on||on|&#8221; button_icon=&#8221;%%3%%&#8221; button_icon_color=&#8221;#ffffff&#8221; button_text_color_hover=&#8221;#ffffff&#8221; button_bg_color_hover=&#8221;rgba(0,0,0,0)&#8221; button_border_color_hover=&#8221;#ffffff&#8221; button_border_radius_hover=&#8221;0px&#8221; button_letter_spacing_hover=&#8221;4px&#8221; locked=&#8221;off&#8221;]<\/p>\n<p>&nbsp;<\/p>\n<p>[\/et_pb_button][\/et_pb_column][\/et_pb_row][\/et_pb_section]<\/p>\n","protected":false},"excerpt":{"rendered":"<p>S\u00e4\u00e4nn\u00f6t Tanssikoulu SalsaStudio KUOPION S\u00e4\u00e4nn\u00f6t HUOM. S\u00c4\u00c4NN\u00d6T JA ILMOITTAUTUMISET OVAT KAUPUNKIKOHTAISIA! KAUSIKORTTEJA, SARJAKORTTEJA TAI KORVAUKSIA EI VOI K\u00c4YTT\u00c4\u00c4 TOISESSA KAUPUNGISSA ILMAN ERILLISSOPIMUSTA (POIKKEUSMENETTELYT SOVITAAN TAPAUSKOHTAISESTI)! 1 Ilmoittautuminen tunneille 1.1 SalsaStudion toimintavuosi jakautuu kolmeen kauteen: syys- ja kev\u00e4tkauteen sek\u00e4 kes\u00e4kauteen, jolloin toteutetaan kaksi lyhyemp\u00e4\u00e4 tiiviskurssilukuj\u00e4rjestyst\u00e4. 1.2 Kursseille ilmoittautuminen on suositeltavaa tehd\u00e4 ennen kurssin alkua ja paikat [&hellip;]<\/p>\n","protected":false},"author":1,"featured_media":0,"parent":0,"menu_order":0,"comment_status":"closed","ping_status":"closed","template":"","meta":{"_et_pb_use_builder":"on","_et_pb_old_content":"","_et_gb_content_width":"","footnotes":""},"_links":{"self":[{"href":"https:\/\/www.salsastudio.fi\/kuopio\/wp-json\/wp\/v2\/pages\/5240"}],"collection":[{"href":"https:\/\/www.salsastudio.fi\/kuopio\/wp-json\/wp\/v2\/pages"}],"about":[{"href":"https:\/\/www.salsastudio.fi\/kuopio\/wp-json\/wp\/v2\/types\/page"}],"author":[{"embeddable":true,"href":"https:\/\/www.salsastudio.fi\/kuopio\/wp-json\/wp\/v2\/users\/1"}],"replies":[{"embeddable":true,"href":"https:\/\/www.salsastudio.fi\/kuopio\/wp-json\/wp\/v2\/comments?post=5240"}],"version-history":[{"count":10,"href":"https:\/\/www.salsastudio.fi\/kuopio\/wp-json\/wp\/v2\/pages\/5240\/revisions"}],"predecessor-version":[{"id":5611,"href":"https:\/\/www.salsastudio.fi\/kuopio\/wp-json\/wp\/v2\/pages\/5240\/revisions\/5611"}],"wp:attachment":[{"href":"https:\/\/www.salsastudio.fi\/kuopio\/wp-json\/wp\/v2\/media?parent=5240"}],"curies":[{"name":"wp","href":"https:\/\/api.w.org\/{rel}","templated":true}]}}